{"id":7,"date":"2013-11-14T18:59:50","date_gmt":"2013-11-14T18:59:50","guid":{"rendered":"http:\/\/mdj4f.ca\/?page_id=7"},"modified":"2024-09-20T20:29:55","modified_gmt":"2024-09-20T20:29:55","slug":"les-maisons-des-jeunes","status":"publish","type":"page","link":"https:\/\/mdj4f.ca\/?page_id=7","title":{"rendered":"Maisons des Jeunes"},"content":{"rendered":"<p>La MDJ4F (Maison des jeunes des quatre fen\u00eatres) offre une foule d&rsquo;activit\u00e9s pour les jeunes de 12 \u00e0 17 ans dans ses deux MDJ (Maisons des jeunes):<\/p>\n<p><a title=\"Beloeil\" href=\"https:\/\/mdj4f.ca\/?page_id=79\">Beloeil<\/a><\/p>\n<p><a title=\"Mont-Saint-Hilaire\" href=\"https:\/\/mdj4f.ca\/?page_id=81\">Mont-Saint-Hilaire<\/a><\/p>\n\n\n<iframe loading=\"lazy\" src=\"https:\/\/www.instagram.com\/mdj4f_\/embed\" width=\"550\" height=\"150\" frameborder=\"0\" scrolling=\"yes\" allowtransparency=\"true\"><\/iframe>\n\n\n\n<figure class=\"wp-block-embed is-type-rich is-provider-tiktok wp-block-embed-tiktok\"><div class=\"wp-block-embed__wrapper\">\n<blockquote class=\"tiktok-embed\" cite=\"https:\/\/www.tiktok.com\/@mdj4f\" data-unique-id=\"mdj4f\" data-embed-from=\"oembed\" data-embed-type=\"creator\" style=\"max-width:780px; min-width:288px;\"> <section> <a target=\"_blank\" href=\"https:\/\/www.tiktok.com\/@mdj4f?refer=creator_embed\">@mdj4f<\/a> <\/section> <\/blockquote> <script async src=\"https:\/\/www.tiktok.com\/embed.js\"><\/script>\n<\/div><\/figure>\n","protected":false},"excerpt":{"rendered":"<p>La MDJ4F (Maison des jeunes des quatre fen\u00eatres) offre une foule d&rsquo;activit\u00e9s pour les jeunes de 12 \u00e0 17 ans dans ses deux MDJ (Maisons des jeunes): Beloeil Mont-Saint-Hilaire<\/p>\n","protected":false},"author":1,"featured_media":0,"parent":0,"menu_order":0,"comment_status":"closed","ping_status":"open","template":"","meta":{"footnotes":""},"class_list":["post-7","page","type-page","status-publish","hentry"],"_links":{"self":[{"href":"https:\/\/mdj4f.ca\/index.php?rest_route=\/wp\/v2\/pages\/7","targetHints":{"allow":["GET"]}}],"collection":[{"href":"https:\/\/mdj4f.ca\/index.php?rest_route=\/wp\/v2\/pages"}],"about":[{"href":"https:\/\/mdj4f.ca\/index.php?rest_route=\/wp\/v2\/types\/page"}],"author":[{"embeddable":true,"href":"https:\/\/mdj4f.ca\/index.php?rest_route=\/wp\/v2\/users\/1"}],"replies":[{"embeddable":true,"href":"https:\/\/mdj4f.ca\/index.php?rest_route=%2Fwp%2Fv2%2Fcomments&post=7"}],"version-history":[{"count":16,"href":"https:\/\/mdj4f.ca\/index.php?rest_route=\/wp\/v2\/pages\/7\/revisions"}],"predecessor-version":[{"id":1457,"href":"https:\/\/mdj4f.ca\/index.php?rest_route=\/wp\/v2\/pages\/7\/revisions\/1457"}],"wp:attachment":[{"href":"https:\/\/mdj4f.ca\/index.php?rest_route=%2Fwp%2Fv2%2Fmedia&parent=7"}],"curies":[{"name":"wp","href":"https:\/\/api.w.org\/{rel}","templated":true}]}}