{"id":75,"date":"2013-11-14T22:39:25","date_gmt":"2013-11-14T22:39:25","guid":{"rendered":"http:\/\/mdj4f.ca\/?page_id=75"},"modified":"2024-12-01T02:03:04","modified_gmt":"2024-12-01T02:03:04","slug":"cjs","status":"publish","type":"page","link":"https:\/\/mdj4f.ca\/?page_id=75","title":{"rendered":"La BOOM"},"content":{"rendered":"\n<hr class=\"wp-block-separator has-alpha-channel-opacity\"\/>\n\n\n\n<div class=\"wp-block-group is-vertical is-layout-flex wp-container-core-group-is-layout-8cf370e7 wp-block-group-is-layout-flex\">\n<h5 class=\"wp-block-heading has-text-align-center\"><span style=\"color: #800000;\">Les jeunes du * <u>primaire<\/u> \u00e2g\u00e9s\u00a0de 10 ans ou plus sont\u00a0invit\u00e9s aux danses les vendredis \u00e0 l\u2019\u00e9cole secondaire Ozias-Leduc, 525, rue Jolliet, Mont-Saint-Hilaire (Entr\u00e9e par la porte arri\u00e8re).\u00a0\u00a0<\/span><\/h5>\n\n\n\n<h5 class=\"wp-block-heading has-text-align-center\"><span style=\"color: #800000;\">L&rsquo;activit\u00e9, organis\u00e9e par la MDJ4F et la ville de Mont-Saint-Hilaire, d\u00e9butera \u00e0 19h00 et se terminera \u00e0 22h00. L\u2019entr\u00e9e est de 12,00$ par personne et il y a une cantine sur place. C&rsquo;est un rendez-vous!<\/span><\/h5>\n\n\n\n<h5 class=\"wp-block-heading has-text-align-center\"><span style=\"color: #800000;\">*Les participants qui fr\u00e9quente l&rsquo;\u00e9cole secondaire ne sont pas admis<\/span><\/h5>\n\n\n\n<h6 class=\"wp-block-heading has-text-align-center\"><em><span style=\"color: #800000;\">Pour les adolescents qui souhaiteraient faire du b\u00e9n\u00e9volat pour cette activit\u00e9, laissez-nous votre nom et num\u00e9ro de t\u00e9l\u00e9phone afin que nous puissions vous contactez<\/span><\/em><\/h6>\n<\/div>\n\n\n\n<figure class=\"wp-block-image size-full\"><a href=\"https:\/\/mdj4f.ca\/wp-content\/uploads\/2024\/12\/Capture-decran-2024-11-30-210238.jpg\"><img loading=\"lazy\" decoding=\"async\" width=\"390\" height=\"582\" src=\"https:\/\/mdj4f.ca\/wp-content\/uploads\/2024\/12\/Capture-decran-2024-11-30-210238.jpg\" alt=\"\" class=\"wp-image-1421\" srcset=\"https:\/\/mdj4f.ca\/wp-content\/uploads\/2024\/12\/Capture-decran-2024-11-30-210238.jpg 390w, https:\/\/mdj4f.ca\/wp-content\/uploads\/2024\/12\/Capture-decran-2024-11-30-210238-201x300.jpg 201w\" sizes=\"auto, (max-width: 390px) 100vw, 390px\" \/><\/a><\/figure>\n\n\n\n<p><\/p>\n","protected":false},"excerpt":{"rendered":"<p>Les jeunes du * primaire \u00e2g\u00e9s\u00a0de 10 ans ou plus sont\u00a0invit\u00e9s aux danses les vendredis \u00e0 l\u2019\u00e9cole secondaire Ozias-Leduc, 525, rue Jolliet, Mont-Saint-Hilaire (Entr\u00e9e par la porte arri\u00e8re).\u00a0\u00a0 L&rsquo;activit\u00e9, organis\u00e9e par la MDJ4F et la ville de Mont-Saint-Hilaire, d\u00e9butera \u00e0 19h00 et se terminera \u00e0 22h00. L\u2019entr\u00e9e est de 12,00$ par personne et il y [&hellip;]<\/p>\n","protected":false},"author":1,"featured_media":0,"parent":0,"menu_order":0,"comment_status":"closed","ping_status":"open","template":"","meta":{"footnotes":""},"class_list":["post-75","page","type-page","status-publish","hentry"],"_links":{"self":[{"href":"https:\/\/mdj4f.ca\/index.php?rest_route=\/wp\/v2\/pages\/75","targetHints":{"allow":["GET"]}}],"collection":[{"href":"https:\/\/mdj4f.ca\/index.php?rest_route=\/wp\/v2\/pages"}],"about":[{"href":"https:\/\/mdj4f.ca\/index.php?rest_route=\/wp\/v2\/types\/page"}],"author":[{"embeddable":true,"href":"https:\/\/mdj4f.ca\/index.php?rest_route=\/wp\/v2\/users\/1"}],"replies":[{"embeddable":true,"href":"https:\/\/mdj4f.ca\/index.php?rest_route=%2Fwp%2Fv2%2Fcomments&post=75"}],"version-history":[{"count":38,"href":"https:\/\/mdj4f.ca\/index.php?rest_route=\/wp\/v2\/pages\/75\/revisions"}],"predecessor-version":[{"id":1422,"href":"https:\/\/mdj4f.ca\/index.php?rest_route=\/wp\/v2\/pages\/75\/revisions\/1422"}],"wp:attachment":[{"href":"https:\/\/mdj4f.ca\/index.php?rest_route=%2Fwp%2Fv2%2Fmedia&parent=75"}],"curies":[{"name":"wp","href":"https:\/\/api.w.org\/{rel}","templated":true}]}}